tors of x?
2, 3
Let k(z) = z**2 - 4*z - 8. Let y be k(6). Suppose -3*s - 74 = 2*h - 7*h, -5*s = y*h - 74. What are the prime factors of h?
2
Let p be -12 - (0 - 0/1). Let n = 6 + p. Let z = -2 - n. List the prime factors of z.
2
Let l(k) = 2 - 3 + 0*k + 3*k. Let z be l(-3). Let j = 0 - z. List the prime factors of j.
2, 5
Let q = -553 + 898. What are the prime factors of q?
3, 5, 23
Let u be (-5)/(-1) - (-1)/(-1). Let a = 6 - u. Suppose 2*r + 8 = 3*s, 0 = 2*s + r - a*r - 5. List the prime factors of s.
2
Let w(o) = o**2 - 11*o + 3. Let l(d) = 7*d - 4*d + 6*d**2 - 7 + 0*d**3 - d**3. Let i be l(6). What are the prime factors of w(i)?
3
What are the prime factors of (-6)/(-27) - (-2656)/36?
2, 37
Let c be ((-12)/(-10))/((-6)/(-20)). Suppose -3*n + 8*n + 38 = c*w, 20 = 2*w - 3*n. List the prime factors of w.
7
Let u(p) = p**2 - 6*p + 9. Let y be u(6). Suppose 0 = -y*d + 4*d - 60. Let q = -2 - d. What are the prime factors of q?
2, 5
Let b(p) = -p**3 + 5*p**2 - 2*p + 2. Let r be b(4). Suppose 3*s - r = -2*s. Let v(f) = 2*f - 1. What are the prime factors of v(s)?
3
Let x be -3*58*(-1 + 0). What are the prime factors of x/10 + (-4)/10?
17
Let a = 0 + 3. Suppose -5*u + a*u + 2*c + 2 = 0, -c - 1 = 3*u. Suppose u = 5*w, -3*d - 5*w = -14 - 10. What are the prime factors of d?
2
Let h = -5 - -3. List the prime factors of h/(-4) + (-79)/(-2).
2, 5
Suppose b = 2*i + 5*b - 24, -2*b = -5*i. Suppose -2 = m, x + i*m = 12 - 4. List the prime factors of x.
2, 3
Suppose 4*w - w - 56 = -2*n, 3*w = 5*n - 119. What are the prime factors of n?
5
Let l be ((-4)/6)/(1/(-3)). Suppose -2*m + 20 = l*m + 4*c, -2*c = -5*m + 4. Suppose -3*x + 2*f = -10 - m, 4*x = -4*f + 16. List the prime factors of x.
2
Let w(u) = -u**3 + 2*u**2 + 4*u - 1. Let m = 6 - 3. Let b be w(m). What are the prime factors of (b + 1)/((-2)/(-6))?
3
Let l = -76 + 148. List the prime factors of l.
2, 3
Suppose 0 = -4*m - 3*c - 0*c + 83, 5*c = 4*m - 75. Suppose -6*p + 2*p + m = 0. List the prime factors of p.
5
Let g(w) = -w**2 - 7*w + 5. Let s be ((-2)/3)/((-1)/18). Suppose 0 = 5*l - s + 42. What are the prime factors of g(l)?
11
Let g be 3 + -3 - 1*-1. Let i be -1 - (-2 - (2 - g)). Suppose -5*l = 3*p + i, 4*l + 10 = p + 3*l. What are the prime factors of p?
2, 3
Suppose q - 22 = -17. List the prime factors of q.
5
Let b(k) = 3*k**2 - 9*k + 9. List the prime factors of b(5).
3, 13
Let h = -17 - -9. List the prime factors of (-6)/h - 148/(-16).
2, 5
Suppose 0 = -5*z + 4 + 21. What are the prime factors of 4/20 - (-79)/z?
2
Let f = -3 + 12. Suppose -6*q - 96 = -f*q. List the prime factors of q.
2
Suppose 5*f + 112 = 357. Suppose 27 = -3*n - 60. Let t = f + n. List the prime factors of t.
2, 5
Suppose 5*a + 0*a = -20. List the prime factors of (a + 2/(-1))*-3.
2, 3
Let p = -2 + 0. What are the prime factors of 4/p*3/(-2)?
3
Let c = -4 - -8. Suppose -5*y + 5*t = -20, -c*t = -y - 3 + 1. List the prime factors of y.
2, 3
Let y(j) be the second derivative of 33*j**3 + 55*j**2/2 - 3*j. Let f(v) = 11*v + 3. Let o(w) = -55*f(w) + 3*y(w). List the prime factors of o(-1).
11
What are the prime factors of 0/(-1) - (8*8)/(-1)?
2
Suppose -o - 2*w + 61 = -6*w, 0 = 2*o - 4*w - 138. List the prime factors of o.
7, 11
Let g be 3/(0 - 1/(-2)). Suppose 0 = 3*h - 15, h - 3*h + 10 = -5*r. Suppose -y + 5*f = -g*y + 60, r = -y + 4*f - 13. List the prime factors of y.
7
Let a(p) be the second derivative of -p**6/120 - 7*p**5/60 + 5*p**3/3 + p**2/2 + p. Let t(u) be the first derivative of a(u). List the prime factors of t(-7).
2, 5
Let c be (3 - 2) + 3 + 7. Suppose -32 = -3*g - c. What are the prime factors of g?
7
Suppose -16 = -4*i + 4. Suppose 2*x = i*x - 72. What are the prime factors of x?
2, 3
Let b be -1*(0/(-2) + -1). Let l(t) = -18*t**2 - 6. Let i(p) = 17*p**2 + 5. Let o(w) = 5*i(w) + 4*l(w). What are the prime factors of o(b)?
2, 7
Let x(k) be the third derivative of -k**6/720 + k**5/12 + k**4/24 - k**2. Let c(j) be the second derivative of x(j). What are the prime factors of c(0)?
2, 5
Let i = -6 - -11. Let o(b) = b**2 - b + 3. What are the prime factors of o(i)?
23
Let g = -8 + -1. What are the prime factors of 42/(-4)*12/g?
2, 7
Suppose 11*v - 15*v = -200. List the prime factors of v.
2, 5
Let b be (-1)/(4 - 50/12). List the prime factors of (b/(-5))/(10/(-225)).
3
Suppose -3*i = 3*v - 21, -3*i + 9 + 6 = 5*v. Suppose i + 2 = 2*g. List the prime factors of g.
2, 3
Let d = -176 + 374. What are the prime factors of d?
2, 3, 11
Let l(t) = -t**2 + 10*t - 9. Let m(b) = 2*b**2 - 2. Let g be m(-2). List the prime factors of l(g).
3, 5
What are the prime factors of ((-26)/(-4))/(10/260)?
13
Let k(b) = -b**2 + 3*b. Let y be k(4). Let o = y - -18. What are the prime factors of o?
2, 7
Suppose 5*b + 2*h - 44 = 0, 2*b - h - 2*h = 10. Suppose -6*z + 13 = -9*z + 5*s, 4*z - 4*s = -4. Let n = b - z. What are the prime factors of n?
2
Let z = 6 - -2. Suppose 3*n + z*q - 29 = 4*q, 0 = 5*n + 5*q - 55. List the prime factors of n.
3, 5
Suppose -5*u - 3*d - 31 = 0, -3*u + 0*d + 4*d - 7 = 0. Let w be (-7)/1 - (u - -3). What are the prime factors of 3 + w + 10*1?
2
Suppose -3*h - 84 - 46 = 2*o, 5*h + o + 205 = 0. Let u = -23 - h. What are the prime factors of u?
17
Suppose 0 = 5*a - 140 + 45. What are the prime factors of a?
19
Let g be 2/(-1) - -2*9. Suppose 2*v + 2*v - g = 0. Suppose -3*u + 49 = -2*w, -v*u - 3*w + 0*w + 37 = 0. List the prime factors of u.
13
Let t = 0 + 4. Suppose 9*h - 80 = t*h. Suppose -h = -5*o + 14. List the prime factors of o.
2, 3
What are the prime factors of (630/60)/(6/8)?
2, 7
Let l(p) be the second derivative of -p**5/20 + 2*p**4/3 - 9*p**2/2 + p. Let d be l(8). Let g = d - -17. What are the prime factors of g?
2
Suppose -2*o = -3*c - 114, 57 = o - 3*c - 6. Suppose 5*n + 4*z = 223, n + 0*n + 4*z - o = 0. Suppose -37 = -4*y + n. What are the prime factors of y?
2, 5
Suppose -15*p + 506 = -4*p. What are the prime factors of p?
2, 23
What are the prime factors of (-6)/(-24) + (6540/16 - -3)?
2, 103
Let x(m) = -12*m**2 - 2*m - 4. Let n be x(3). What are the prime factors of (-12)/18 + n/(-6)?
19
Suppose 122 = n - y + 3*y, 4*y - 128 = -n. List the prime factors of n.
2, 29
Let h = 15 - 9. Let r be 3/(h/2)*1. Suppose 4*f + 2*u = -r + 51, -f = -2*u - 20. List the prime factors of f.
2, 7
Let h = -25 + 30. List the prime factors of h.
5
Let v(t) = -t**2 - 7*t + 8. Let n be v(-6). Suppose 0 = -0*z - z + 3. Suppose 4*q - n - 7 = r, -r - 15 = -z*q. List the prime factors of q.
2, 3
Let h(m) = m**2 - 6*m - 5. Let n be h(7). Let a be (-208)/(-36) - n/(-9). Suppose 0*i + 2*i - a = 0. List the prime factors of i.
3
Let s(v) = v**2 - 8*v + 2. Let b be s(8). List the prime factors of (-4)/(2/(-8)*b).
2
Let d(u) = 23*u**2 + 2*u. Let y(j) = 11*j**2 + j. Let w(o) = -4*d(o) + 9*y(o). Let g be (9/6)/(3/2). What are the prime factors of w(g)?
2
Suppose 1139 = 3*q - w, -2*q + 742 = -4*w - w. What are the prime factors of q?
3, 127
Let f(d) = 131*d - 1. Let p be f(-1). List the prime factors of 4/10 - p/20.
7
Let o = 4 - 2. Suppose p + 2 = 0, 2*r + 0*p - 92 = -o*p. Suppose -12 + r = 3*s + a, s + a = 12. What are the prime factors of s?
2, 3
Let l = 138 - -27. List the prime factors of l.
3, 5, 11
What are the prime factors of (27/108)/(1/524)?
131
Suppose -2*k - 5 = -103. List the prime factors of k.
7
Suppose u + 20 - 73 = 0. What are the prime factors of u?
53
Let u be ((-20)/(-6))/((-16)/24). Let w(a) = -a**2 + 2*a + 2*a - 1 + 2*a**2. List the prime factors of w(u).
2
Suppose -3*j + 4*w + 16 = 0, 2*j + 14 + 2 = -4*w. Suppose 5*a + 11 - 1 = j, 5*p + 2*a - 321 = 0. Suppose 6*q - p = q. List the prime factors of q.
13
Suppose k + 14 = -8*h + 3*h, 3*h + 5*k = -4. Let g = h - -3. Suppose -3*v + 3*d = g, -v + 5*d = 3*v + 5. What are the prime factors of v?
5
Let z be (-147)/(-6) - (-2)/4. What are the prime factors of (-5)/z - (-112)/10?
11
Let j = -42 - -97. Suppose -s + j = 4*s. What are the prime factors of s?
11
Let l be 1/((-2)/16) - -2. Let q be (-2)/8 + l/8. Let r(p) = -8*p**3 + p**2 + 2*p + 1. List the prime factors of r(q).
2
Let w be (10/(-8))/(6/24). Let h = -3 - w. Let p = h - 0. List the prime factors of p.
2
Suppose 75 = 2*s - g - 0*g, 0 = s - g - 35. List the prime factors of s.
2, 5
Suppose 11*h = 8*h + 66. List the 